base 10, what is -3 + -21?
-24
In base 3, what is 22 + 111?
210
In base 15, what is -3 - -d2?
ce
In base 11, what is -418 + 3?
-415
In base 4, what is 20 + -1101?
-1021
In base 9, what is 3 - -245?
248
In base 3, what is -10012 + -2?
-10021
In base 16, what is 316 + -2?
314
In base 14, what is -a - 183?
-18d
In base 10, what is 3 - -3499?
3502
In base 11, what is 5 + 24?
29
In base 15, what is 27 - -4?
2b
In base 14, what is 1 + -10a?
-109
In base 14, what is -3 - 15?
-18
In base 9, what is -48681 - 3?
-48684
In base 3, what is 11 - 11001?
-10220
In base 7, what is 230 - -4?
234
In base 5, what is 10 + -14300?
-14240
In base 5, what is -2 - -4300?
4243
In base 8, what is 5 - 12043?
-12036
In base 8, what is -7 + 33?
24
In base 4, what is -112 + 2211?
2033
In base 12, what is 1 - 58?
-57
In base 3, what is -110000112 - -1?
-110000111
In base 2, what is 10 + -1010000?
-1001110
In base 9, what is -42853 + 3?
-42850
In base 2, what is 1 - -11010011011?
11010011100
In base 4, what is 1 - 310310?
-310303
In base 2, what is 100101010 - 100?
100100110
In base 5, what is 4042 - 4?
4033
In base 13, what is 5 + -33?
-2b
In base 16, what is 17c + 7?
183
In base 13, what is 4 - -5b?
62
In base 12, what is -2 + 21?
1b
In base 8, what is -4 - 47?
-53
In base 14, what is -bc4 - -5?
-bbd
In base 5, what is 410 + -44?
311
In base 15, what is -520 + 4?
-51b
In base 2, what is -1000001011000 - -101?
-1000001010011
In base 13, what is -b636 - -5?
-b631
In base 2, what is 1011010000 + 10?
1011010010
In base 12, what is -386b - 3?
-3872
In base 13, what is 5c - 6?
56
In base 11, what is 72 + 116?
188
In base 16, what is 5 - -2?
7
In base 9, what is -1 - -407?
406
In base 9, what is -11 + 11?
0
In base 5, what is -1013033 + -1?
-1013034
In base 8, what is 20 + 2175?
2215
In base 2, what is 10111000 - -101111?
11100111
In base 16, what is -3 - 30?
-33
In base 7, what is 4 + -5?
-1
In base 9, what is -5 - 247?
-253
In base 8, what is 15 - -542?
557
In base 7, what is 465 + -4?
461
In base 12, what is a6 - -59?
143
In base 6, what is -4 + -15?
-23
In base 4, what is 2 - -13321?
13323
In base 9, what is 82 - -2?
84
In base 3, what is -1001 - -202?
-22
In base 13, what is -3 - -27?
24
In base 13, what is 509 - -3?
50c
In base 16, what is 0 - 26?
-26
In base 13, what is -24 + -1c?
-43
In base 11, what is 20 - 52?
-32
In base 13, what is 1 - 27?
-26
In base 7, what is 62 - 0?
62
In base 8, what is -5 - 16?
-23
In base 13, what is 0 - 1050?
-1050
In base 14, what is -11 + 5?
-a
In base 3, what is 1 - 1220000?
-1212222
In base 7, what is -110 - 51?
-161
In base 3, what is 0 - -21?
21
In base 14, what is 277 - 0?
277
In base 16, what is -1c - -b?
-11
In base 12, what is 1a + -4?
16
In base 11, what is -283 + -23?
-2a6
In base 6, what is -14 - 115?
-133
In base 2, what is 10000110011100 - -10?
10000110011110
In base 11, what is -24 - -4?
-20
In base 14, what is -5 + -8d6?
-8db
In base 14, what is 16 + 3?
19
In base 11, what is -103 - -3?
-100
In base 7, what is 3 - 110?
-104
In base 2, what is 101 + 1001001101?
1001010010
In base 16, what is 3 - 2f?
-2c
In base 8, what is -1 - 1777?
-2000
In base 11, what is -6 - -8?
2
In base 16, what is 5 - -a?
f
In base 5, what is 0 + 120302?
120302
In base 12, what is 5 + 38?
41
In base 15, what is 1 + -12?
-11
In base 15, what is 3 - -64e?
652
In base 2, what is -1101011 + 1?
-1101010
In base 8, what is -136 - 5?
-143
In base 10, what is 0 + 128?
128
In base 4, what is -101 + 0?
-101
In base 8, what is 5 + 2572?
2577
In base 10, what is -5 + 278?
273
In base 4, what is -202033 - -2?
-202031
In base 5, what is -10 - -220?
210
In base 10, what is -12 - 2?
-14
In base 8, what is -2 - 143?
-145
In base 8, what is 4 + -4342?
-4336
In base 10, what is -2673 - 4?
-2677
In base 8, what is -65 + 310?
223
In base 7, what is 1415 + 0?
1415
In base 7, what is -3 + -142?
-145
In base 16, what is -3 - 1638?
-163b
In base 8, what is 40 - -1275?
1335
In base 15, what is c0 + 5?
c5
In base 6, what is 1 - 232?
-231
In base 8, what is 10 - -12?
22
In base 5, what is -131032 + 1?
-131031
In base 9, what is -11 - -280?
268
In base 5, what is -244 - 242?
-1041
In base 15, what is 18e - -1?
190
In base 2, what is 11101 - 101000011?
-100100110
In base 10, what is -66 - 6?
-72
In base 2, what is 110011101 + 0?
110011101
In base 2, what is 111111100 - 10?
111111010
In base 4, what is 10011 - 11?
10000
In base 2, what is 100011 - -10?
100101
In base 5, what is 114 + -312?
-143
In base 16, what is -14a - 5?
-14f
In base 15, what is -4 - -1e9?
1e5
In base 6, what is -51 - -42?
-5
In base 16, what is 5a0 + 3?
5a3
In base 2, what is -110001 - -101111?
-10
In base 5, what is -2013 - 3?
-2021
In base 3, what is -1102 - 101?
-1210
In base 6, what is 3 + -3355?
-3352
In base 9, what is -22 - -132?
110
In base 5, what is -11 + 121?
110
In base 10, what is 942 - -12?
954
In base 13, what is -16 + 35?
1c
In base 15, what is 48 + 116?
15e
In base 14, what is 3 + -5d?
-5a
In base 5, what is 2230 - 4?
2221
In base 12, what is -a0 + 5?
-97
In base 2, what is 101 + 110110111001?
110110111110
In base 14, what is -1 - -85?
84
In base 14, what is 7 + -1322?
-1319
In base 13, what is 2 + 9?
b
In base 16, what is 9 - 7f?
-76
In base 15, what is 4 - 557?
-553
In base 15, what is 5 + 395?
39a
In base 13, what is 67c + 9?
688
In base 3, what is -1112 + -22?
-1211
In base 10, what is -12508 - -5?
-12503
In base 7, what is 10 + 165?
205
In base 13, what is -4a + -1?
-4b
In base 16, what is -21 + -2?
-23
In base 16, what is 1d + 19a?
1b7
In base 7, what is 5 + -23641?
-23633
In base 2, what is -11 + -100001?
-100100
In base 4, what is -10 - -1121?
1111
In base 5, what is 22 - -2?
24
In base 2, what is -10 - -1100110010010?
1100110010000
In base 3, what is -20201 - -221?
-12210
In base 7, what is -1 + -61?
-62
In base 13, what is -4 + -18?
-1c
In base 5, what is -3101 - -1?
-3100
In base 16, what is 5 + -2b4?
-2af
In base 8, what is -5676 + 3?
-5673
In base 5, what is -42 + 13231?
13134
In base 10, what is 0 + -490?
-490
In base 13, what is -5 - -208?
203
In base 6, what is 225 - 2?
223
In base 5, what is -1 + 13412?
13411
In base 2, what is 10010010 + -11?
10001111
In base 16, what is -305 - 3?
-308
In base 7, what is 11 - 31?
-20
In base 12, what is -22 + -18b?
-1b1
In base 7, what is 3 - -2005?
2011
In base 14, what is -4 - -333?
32d
In base 6, what is -25244 - 4?
-25252
In base 12, what is 18a - -3?
191
In base 12, what is -a689 - -1?
-a688
In base 15, what is -16 - -99?
83
In base 16, what is 0 + 10?
10
In base 7, what is 13 + -620?
-604
In base 3, what is -12 + -221112?
-221201
In base 5, what is -2 + 220?
213
In base 11, what is 3 + 109?
111
In base 6, what is -12012 + 0?
-12012
In base 7, what is -1014 + 1?
-1013
In base 13, what is 1 - 7c?
-7b
In base 12, what is 1b80 - -3?
1b83
In base 7, what is -113 + 21?
-62
In base 11, what is 34a - 5?
345
In base 16, what is 1 + a6?
a7
In base 7, what is -6 + 2?
-4
In base 8, what is -3671 - 0?
-3671
In base 6, what is -15 + -11544?
-12003
In base 6, what is 51 - -5?
100
In base 13, what is 5 - 51?
-49
In base 10, what is -4 + 2953?
2949
In base 13, what is 22 - 1?
21
In base 11, what is 441 + 2?
443
In base 14, what is 19 + -8?
11
In base 8, what is -14 + -1?
-15
In base 14, what is c6 + 6?
cc
In base 15, what is -1a6 - 3?
-1a9
In base 6, what is 5 + -42?
-33
In base 2, what is 110110110101 + -11?
110110110010
In base 6, what is 20423 - -3?
20430
In base 2, what is 10111 + 1110001?
10001000
In base 12, what is 28 + -8?
20
In base 8, what is 572 + 1?
573
In base 13, what is -4 - -346?
342
In base 14, what is -b - 1d?
-2a
In base 11, what is -2438 + 1?
-2437
In base 4, what is 1321 + 2?
1323
In base 8, what is 3 + 43?
46
In base 15, what is -165 + 5?
-160
In base 9, what is 253 + -1?
252
In base 8, what is 3 + 4063?
4066
In base 6, what is 2342 - 30?
2312
In base 5, what is 12 - -33?
100
In base 2, what is -11000011 - -1?
-11000010
In base 16, what is c7 + 2?
c9
In base 11, what is 12 + 7?
19
In base 11, what is 344 - 5?
33a
In base 16, what is 2d - -3?
30
In base 3, what is -1 - 1022?
-1100
In base 8, what is -3 + -240?
-243
In base 12, what is 0 - 0?
0
In base 3, what is 0 - -2011?
2011
In base 14, what is 4 + 710?
714
In base 7, what is -